) = -26*y**2 - 3*y + 1. Let d be z(2). Let x = -32 - d. What is the remainder when x is divided by i?
17
Let z(b) = -21*b**3 + 2*b + 1. Let v(i) = 142*i - 11. Let l be v(-13). Calculate the remainder when l/(-24) - 6/16 is divided by z(-1).
17
Suppose 195 = 14*t - 393. Suppose 4*b - 7*b = -t. Calculate the remainder when 68 is divided by b.
12
Suppose -5*v = o + 2 - 6, -2*o = 3*v - 1. Suppose -13 = 2*f - v. Calculate the remainder when -4*1*f/4 is divided by 3.
0
Let z(k) = 9*k**2 - 3*k - 6. Let j(s) = -9*s**2 + 4*s + 6. Let r(u) = 5*j(u) + 6*z(u). Calculate the remainder when r(-4) is divided by 27.
22
Suppose 3*r + 42 = 54. Calculate the remainder when 15 is divided by r.
3
Suppose -3*w = -6*w + 9, -4*b + 4*w + 168 = 0. Let a = b - 40. What is the remainder when 7 is divided by a?
2
Let g(o) = o**3 + 9*o**2 - 3*o - 23. Let k be g(-9). Suppose 6*p - 88 = -k. What is the remainder when p is divided by 4?
2
Suppose -7 = 2*t - 29. Let g(l) = -2*l**2 + 19*l - 15. Calculate the remainder when g(4) is divided by t.
7
Let j = 39 + -29. What is the remainder when (45/j)/9*(-44)/(-2) is divided by 2?
1
Let s(v) = -v**2 + 7*v + 6. Let i = -3 + 15. Let u = i - 5. Calculate the remainder when 9 is divided by s(u).
3
Let c(n) = -9*n + 6. Let a = -2430 + 2444. What is the remainder when c(-5) is divided by a?
9
Suppose 0 = -2*z + 7*w - 11*w + 112, -3*z + 173 = 5*w. What is the remainder when 527 is divided by z?
65
Let g = 357 - 362. Suppose 0 = 4*u - 3*u - 15. Let c = g + u. What is the remainder when 38 is divided by c?
8
Suppose 4*t - 16 = 2*l, -l + 5*l + 3*t = 23. Suppose 5*o = l*o - 6. Calculate the remainder when 43 is divided by 25/(-10)*(o - 4).
13
Suppose t + a - 4*a = -2, -5*t - 2*a + 24 = 0. Suppose 4*p + 110 = 7*p + f, -t*p = -2*f - 150. What is the remainder when 144 is divided by p?
33
Suppose 4*r + 38 - 254 = 0. What is the remainder when 431 is divided by r?
53
Let m(d) = -d + 9. Suppose -4*h = -16, 4*k - 56 - 52 = -2*h. What is the remainder when k is divided by m(0)?
7
Let j(x) = 11*x - 15. Let n(w) = -5*w + 8. Let t(z) = 4*j(z) + 9*n(z). Let g be t(-6). Suppose -k + 14 = -g. Calculate the remainder when k is divided by 9.
5
Let p = 301 + -266. What is the remainder when 77 is divided by p?
7
Let a(j) = 7*j + 1. Let i = 61 - 104. Let f = i - -85. What is the remainder when f is divided by a(3)?
20
Let o = 19 - 17. Suppose -o*v - 3*v + 200 = 5*h, -v = -3*h + 112. What is the remainder when h is divided by 13?
12
Let i = -16 - 60. Suppose 2*o - 4*a + 0*a - 30 = 0, -o = -4*a - 25. What is the remainder when i/(-10) + 6/15 is divided by o?
3
Let p = 75 + -42. Let b(v) be the third derivative of v**5/30 - v**4/12 - v**3/2 + 11*v**2. What is the remainder when p is divided by b(3)?
6
Suppose 27*o = -626 + 4325. What is the remainder when 1091 is divided by o?
132
Suppose 4*i - 10 - 150 = -4*c, -2*c = -4*i + 142. Calculate the remainder when 404 is divided by i.
34
Let m(k) = k**2 + 3*k - 2. Let c be m(3). Let w be (c/(-6))/((-14)/(-63)). Calculate the remainder when -12*(-1 - w/(-8)) is divided by 16.
14
Let s be 299/(-2*2/(-4)). Suppose -3*d + s = -4. What is the remainder when d is divided by 26?
23
Let n = -148 + 167. What is the remainder when 75 is divided by n?
18
Let n = -62 + 66. Suppose 0 = 5*l + n*s - 81, 0 = -l - s + 15 + 2. What is the remainder when 75 is divided by l?
10
Suppose -4 = -2*p + 2. Suppose 0 = p*j, 3*h + 0*j + j - 51 = 0. What is the remainder when 48 is divided by h?
14
Let t = 545 + -369. What is the remainder when t is divided by 30?
26
Let y(t) be the first derivative of 8*t**2 - 8*t - 15. Calculate the remainder when y(4) is divided by 12.
8
What is the remainder when (-2)/(-6)*63 - 1 is divided by 13?
7
Let n(a) = 23*a**2 - 2*a. Let p be n(2). Let q = p + -62. Suppose k + 3*t = -2*t + q, t = 5*k - 104. Calculate the remainder when k is divided by 11.
10
Suppose 0 = 5*n - a - 239, -2*n + 7*a - 11*a = -100. What is the remainder when 89 is divided by n?
41
Let g = 468 - 454. What is the remainder when g is divided by 5?
4
Suppose -17*n = -12*n. Suppose -2*w + 4*w - 32 = n. Suppose -j - 3*j = -w. What is the remainder when 13 is divided by j?
1
Suppose 4*z - 14 = -q, -2*q + 0*z + 28 = 3*z. Calculate the remainder when q is divided by 3.
2
Suppose c = 5*i + 180, i + i + 923 = 5*c. Suppose 5*a - 78 = -t, a + 5*t - 6*t = 24. What is the remainder when c is divided by a?
15
Suppose -4*f - 64 + 1908 = 0. What is the remainder when f is divided by 16?
13
Suppose 150 - 17 = 19*f. Calculate the remainder when 3102/77 - ((-4)/7)/(-2) is divided by f.
5
Let v = -19 + 24. Suppose j = f + v, -f = 4*j - 20 + 5. Suppose -j*r + 2*o = -86, -90 = -3*r + 4*o - 28. What is the remainder when 41 is divided by r?
19
Let z(t) = 13 + 2*t - 123*t**3 - t + 122*t**3 + 7*t**2. What is the remainder when 78 is divided by z(7)?
18
Suppose -2*f + 5*i = -3, -3*i - 36 = f + 2*i. Let d(s) = -s - 7. Let p be d(f). Suppose 0*k - p*k + 12 = 0. Calculate the remainder when 6 is divided by k.
0
Suppose 82*b - 68*b - 10864 = 0. Calculate the remainder when b is divided by 21.
20
Let m = 2441 - 2397. Calculate the remainder when 1141 is divided by m.
41
Let h(p) = 37*p + 3. Let b be h(6). Suppose -2*n = 3*n - b. Suppose 4*f + 2*c = 2*f + 42, -4*c = -2*f + 18. Calculate the remainder when n is divided by f.
11
Let t = -7 + 64. Suppose -p - 5*p = -180. Calculate the remainder when t is divided by p.
27
What is the remainder when 368 is divided by (-73)/(-2) + (-20)/8 + 3?
35
Let u(b) = -50*b - 570. Let p = 3 + 8. Calculate the remainder when u(-12) is divided by p.
8
Suppose -72*f + 2169 = -1503. Calculate the remainder when f is divided by 44.
7
Suppose -330 + 50 = -y. Let z be y/50 - 6/10. Suppose 5 = z*l, -2*t + l - 4*l = -9. Calculate the remainder when 6 is divided by t.
0
Suppose -5*h = 2*c - 34, -2*h + 5*c - c = -4. Let r = -1 + h. Suppose -5*a + r*x + 2 = -63, 3*a + 2*x = 39. Calculate the remainder when 38 is divided by a.
12
Suppose 4*p - p + 5*r - 488 = 0, 2*p - 4*r - 296 = 0. What is the remainder when p is divided by 53?
50
Suppose -4*h + 118 = 5*r - 218, -3*h - 4*r + 253 = 0. What is the remainder when 236 is divided by h?
78
Suppose 10 = -4*r + 42. Let h(i) = 4*i - 19. What is the remainder when h(10) is divided by r?
5
Suppose 0*j + 3*w - 669 = -3*j, w = 1. Suppose 0 = -0*i - 6*i + j. Calculate the remainder when i is divided by 13.
11
Let w = 14 - -4. Let k(u) = -u**2 - 20*u - 9. Let m be k(-16). Let j = m - 45. Calculate the remainder when w is divided by j.
8
Suppose -10*b = -11*b + 4*i + 494, 0 = -2*b + 2*i + 1012. What is the remainder when b is divided by 73?
72
Suppose 2*u = -25 - 9. Let w(l) = l**3 + 17*l**2 + l - 17. Let o be w(u). Let m = o + 61. Calculate the remainder when m is divided by 10.
7
Let n = 412 - 378. Let i = 31 - 19. What is the remainder when n is divided by i?
10
Suppose 401 = 27*m - 4. Calculate the remainder when 84 is divided by m.
9
Calculate the remainder when 41 is divided by (-5)/10*10 + 29.
17
Suppose -4*q + 3*x = 5*x - 124, -5*q + 145 = 5*x. Let y = 33 - q. What is the remainder when 37 is divided by (-5)/((-3)/12 - y)?
17
Let s(n) = 5*n**2 - 79*n + 224. What is the remainder when 479 is divided by s(3)?
31
Suppose 4*i - 5*i + 41 = 0. Let c(f) = -10*f**3 + 2*f**2 - 1. What is the remainder when i is divided by c(-1)?
8
Suppose -3*l + 3*n = -261, 2*l - 3*n = 202 - 33. What is the remainder when 150 is divided by l?
58
Let k(s) = -309*s + 6. Let o be k(5). Calculate the remainder when o/(-117) + (-4)/26 is divided by (-4)/(-6) + 56/144*6.
1
Let u(k) = 4*k**2 - 41*k - 114. What is the remainder when 64 is divided by u(-3)?
19
Let l(v) = -v**3 + 7*v**2 - 4*v - 3. Suppose 3*q = -4*p - q + 16, -4*p + 24 = -4*q. Calculate the remainder when l(p) is divided by 15.
12
Suppose 0*h = 9*h - 522. Calculate the remainder when h is divided by 16.
10
Let h(b) = 3*b**2 + 6*b - 3. Let i be h(-3). Suppose -i = -r + 42. What is the remainder when r is divided by 18?
12
Let n(m) = 0 - 1 + 1 + 2 + 28*m. What is the remainder when 83 is divided by n(1)?
23
Suppose 15*d - 1727 - 493 = 0. Let z = -4 - -19. What is the remainder when d is divided by z?
13
Let g(z) = -z + 259. What is the remainder when g(-10) is divided by 34?